 + z. List the prime factors of w.
7
Let o(l) be the first derivative of -7*l**2 + 667*l - 70. List the prime factors of o(0).
23, 29
Let n(o) = -o**3 + 9*o**2 + 11*o - 8. Let g be n(10). Suppose -5*w - 3*s = 10, 2*s + g = -3*w - 5. List the prime factors of (3 - 18/8)/(w/24).
2, 3
Let x be ((-4)/3)/(2/3). Let a be (1 - 2)/(-2 + (-1 - x)). What are the prime factors of 67 - (-2 + a - -2)?
2, 3, 11
Let v(c) = c**2 + c. Let o(g) = -2*g**3 - 3*g**2 + 30*g + 7. Let l(u) = o(u) + 4*v(u). List the prime factors of l(-5).
2, 7
Let j(i) be the third derivative of -i**5/15 - 5*i**4/12 - i**3 + 42*i**2. Let g be j(-2). What are the prime factors of -3 + g + -10 + 133?
2, 59
Suppose 0 = 48*n - 50*n + 18548. What are the prime factors of n?
2, 4637
Let u be 4/6*3/(-2). Let q be 1 + (-1)/(-1) - u. Suppose 4*z - 1179 = x, 0*x = q*x - 3. What are the prime factors of z?
5, 59
Let i be ((-3)/(-9))/((-1)/(-12)). Let r(d) be the first derivative of d**4/2 + d**3 + 3*d**2/2 - 14*d - 1099. List the prime factors of r(i).
2, 3, 29
Let m(v) = -v**3 + 17*v**2 + 20*v + 9. Let t be m(17). What are the prime factors of (0 - (-24)/6) + t?
353
Suppose 0 = 4*t - h - 3955, 12 = 126*h - 130*h. Let b = -11 + 21. Suppose 14*w - t = b*w. List the prime factors of w.
13, 19
Suppose -1 - 5 = 2*u, 5*m + 2*u = 19. Suppose -2*n = 3*a - 16, a = -0*a + m*n - 23. Suppose -2*t + 220 = a*t. What are the prime factors of t?
5, 11
Let d(h) = -361*h + 359. List the prime factors of d(-73).
2, 3, 7, 53
Let w(b) be the third derivative of b**4/4 - b**3/3 - 18*b**2. Let o be w(5). Let p = 182 - o. What are the prime factors of p?
2, 7, 11
Suppose 3*j = 83 - 50. Suppose 0 = 4*t + 2*f - 14, -10*f + 13*f - j = -t. What are the prime factors of t?
2
Let f(l) = -4*l + 1134. Let z be f(0). List the prime factors of z/15 + (-10)/(-25).
2, 19
Let z = 821 - 812. Let i(m) = -51*m**3 + m**2 + m - 2. Let t be i(-2). Suppose 3*f = -z*f + t. What are the prime factors of f?
2, 17
Let m = 3777 - 1996. List the prime factors of 0 + 0 + 8 + m.
1789
Let d(z) = -z**3 + 2*z**2 - 5*z - 5. Let c = -148 + 142. What are the prime factors of d(c)?
313
Suppose 4*k - 12 = 0, 28*k = 3*w + 23*k - 145002. List the prime factors of w.
3, 41, 131
Let q(d) = -d**3 - 11*d**2 - 6*d + 5. Let r be q(-8). Let v = r - -362. List the prime factors of v.
223
Let g = 43 + 37. Suppose g*f - 87*f + 2758 = 0. List the prime factors of f.
2, 197
Let t(x) = 19*x**3 + 2*x**2 + 10*x - 6. Let p be t(6). What are the prime factors of p/10 + -8 - (1 - 0)?
2, 3, 23
Suppose -19 + 127 = 2*v. Let k = 1692 - 187. Suppose k = -47*g + v*g. List the prime factors of g.
5, 43
Suppose 2*t = -3*k + 245, 0 = 4*k + 3*t - 176 - 151. Let r be (54/(-7))/((-16)/224). Let a = r - k. What are the prime factors of a?
3
Let s = 25377 + -12332. List the prime factors of s.
5, 2609
Let v = 3 - 5. Let x be (-4)/36 - 33735/135. List the prime factors of x/(-20) + 1/v.
2, 3
Suppose 0 = 21*y - 19*y - 14. Suppose 0 = -n - 3*o - y - 16, -3*n = -2*o + 58. List the prime factors of (n/7)/((-2)/7).
2, 5
Let h(y) = -1412*y + 839. What are the prime factors of h(-4)?
13, 499
Let g be 2/(-4)*(-8 + 10). Suppose -643 = 6*d - 2095. Let s = d + g. List the prime factors of s.
241
Let a = 16728 - -6681. List the prime factors of a.
3, 17
Suppose 84*k - 79*k + 59175 = 0. What are the prime factors of (k/60)/(12/(-32))?
2, 263
Suppose 0 = 5*h - b - 2245, -3*h + 1354 = -2*b - 0*b. What are the prime factors of (-4 - (5 + -10))*(3 + h)?
11, 41
Suppose 4*m - 802 = -3*c, 389 = 3*c - 3*m - 427. Suppose 4*l = -3*d + 758, d = -0*d + 3*l + c. What are the prime factors of d?
2, 3, 43
Let f(o) = o**3 - 5*o**2 - 22*o - 24. Let s be f(11). Suppose -t + h = -s, -1384 = 18*t - 21*t + 2*h. List the prime factors of t.
2, 29
Suppose -63 = 7*o - 14*o. Suppose -o = a - 39. List the prime factors of -10*(-105)/a*2/2.
5, 7
Let h = -100116 + 145365. List the prime factors of h.
3, 15083
Let u(q) = 7*q**2 - 8*q - 48. Let r be u(-6). List the prime factors of (-72)/r + (-3084)/(-14).
2, 5, 11
Let p = 8587 - 216. List the prime factors of p.
11, 761
What are the prime factors of 1611*((-1)/(24/(-218)))/((-41)/(-164))?
3, 109, 179
Let m(y) = 26*y - y**3 - 58*y**2 + 105*y**2 + 28 - 57*y**2. Let a be m(-12). Suppose 2*k - 220 = k - a*p, -5*k + 2*p + 1210 = 0. List the prime factors of k.
2, 3, 5
Suppose 446899 - 103132 = 19*p. List the prime factors of p.
3, 37, 163
Suppose -5*n = 3*k - 41619, -2*k - 3*k + 69393 = -n. What are the prime factors of k?
2, 3, 257
Let j be (6/4)/(((-21)/(-8))/(-7)). What are the prime factors of (j/((-40)/(-145)))/((-1)/6)?
3, 29
Let a(l) = -20*l + 74. Let t(f) = 23*f**2 + 92*f + 2. Let b be t(-4). List the prime factors of a(b).
2, 17
Let v = -39 + 48. Suppose 12 = -5*r + v*r. Suppose -62 - 337 = -r*j. List the prime factors of j.
7, 19
List the prime factors of (-644)/(((-8)/12416*-8)/((-8)/32)).
2, 7, 23, 97
Let x(s) = -3*s + 39. Let k be x(21). Let u = 20 + k. What are the prime factors of -3 - (-261)/(7 + u)?
2, 3, 7
Let f be 4 + 12/(-6) - -1. Suppose 0 = 2*b + 5*a - 1073, -1113 = -2*b - 0*b + f*a. What are the prime factors of b?
3, 61
Let x = -2307 + 1588. Let f = x + 1644. What are the prime factors of f?
5, 37
Let g(z) = 2*z - 14. Let w be g(8). Suppose 4*s = w*s. Suppose s*d + 1099 = 7*d. What are the prime factors of d?
157
Suppose -12*t + 659366 - 39326 = 0. What are the prime factors of t?
2, 5, 5167
Let u be 6/(-7)*(-126)/27. Suppose -3*s + 168 = -3*b - 0*s, 0 = -u*b - 5*s - 188. Let y = b - -109. What are the prime factors of y?
3, 19
Let l = -2122 + 23599. List the prime factors of l.
3, 7159
List the prime factors of 1499*(-9 - (-3 + -7))*7.
7, 1499
Let y(h) = -h**2 - 4*h + 3. Let d be y(-5). Let z(w) = -4 - 65*w + 21*w + 18*w**2 + 21*w + 24*w. What are the prime factors of z(d)?
2, 3, 11
Suppose -4*s - 64514 = -5*c, 4*c - 15743 = -5*s + 35819. List the prime factors of c.
2, 6449
Suppose 9*x - 59 = -5. Let d(c) = 2*c**2 + 11*c - 40. What are the prime factors of d(x)?
2, 7
Suppose -16*c = 59*c - 1103072 - 301378. List the prime factors of c.
2, 3, 3121
Let h(i) = 39684*i**2 - i**3 + 4*i - 39701*i**2 - 10*i + 3. Suppose -3*d + 0*d = -6, -2*a + 2*d = 38. What are the prime factors of h(a)?
3, 5, 7
Suppose 3*n - 150860 = -4*p, 4*p - 2*p + n = 75434. What are the prime factors of p?
67, 563
Let c = 301 + -62. Suppose -3*i + 92 = 2*q, -5*q - 4*i + i + c = 0. Let o = 140 + q. List the prime factors of o.
3, 7
Let b(r) be the first derivative of 11*r**3/3 + 4*r**2 - 50*r + 139. What are the prime factors of b(6)?
2, 197
Let y(z) = 11*z**3 - 3*z**2 + 2*z + 2. Let f be y(2). Suppose 6*j - 160 + 112 = 0. Suppose -7*l + j*l = f. List the prime factors of l.
2, 41
What are the prime factors of (4004/20 - -2)*(28 - -167)?
3, 13, 337
Let q(h) = -17*h**3 + 8*h**2 + 4*h - 2. Let j be q(-3). Suppose 0 = -n - g - g + j, 0 = -2*n - 5*g + 1031. List the prime factors of n.
523
Suppose 5*m - 3*p = 38232, 2*p + 3*p = 3*m - 22936. Let v(w) = -w**3 - m*w + 0*w**2 + 21*w**2 - 6 + 7674*w. What are the prime factors of v(22)?
2, 13
Let d = 65 - 65. What are the prime factors of 522 + d + 54/(-9) + 9?
3, 5, 7
Suppose -4584 = -t - 4*o, -3*t + 14990 = 2*o + 1258. What are the prime factors of t?
2, 11, 13
Let y = -9657 - -22387. What are the prime factors of y?
2, 5, 19, 67
Let w = -1903 - -2687. Let c = w - 508. List the prime factors of c.
2, 3, 23
List the prime factors of 456/(-24) + 28 - (2081*-96)/3.
66601
Let a(g) be the third derivative of g**5/30 + 5*g**4/12 + g**3/2 - 267*g**2. Suppose d + 24 = 4*l, 0*d = 4*d + 2*l + 24. List the prime factors of a(d).
3, 17
Let v(n) be the third derivative of -7*n**4/8 - 29*n**3/6 - n**2. Suppose 19*b - 21*b = 2*p + 10, 4*b + 2*p = -22. What are the prime factors of v(b)?
97
Let d = 162 + -156. Suppose -16*p + 28776 = d*p. List the prime factors of p.
2, 3, 109
Suppose -r = 3*r - y - 7722, 2*y + 1934 = r. Suppose -2*u + r = 2*u - h, 4*h = -8. List the prime factors of u.
2, 241
Let z = 12287 - 8574. What are the prime factors of z?
47, 79
Let m(f) = 36*f + 687. What are the prime factors of m(-8)?
3, 7, 19
Let k = 569 + -122. Suppose -3*g + 12 + k = 0. What are the prime factors of g?
3, 17
Suppose y + 3396 = -y. Let f = -1173 - y. List the pr